 - 3*g = 2400. What is the units digit of s?
7
Let r be (1 - -1) + 0 + 0. Let u(g) be the third derivative of 13*g**6/120 - g**5/60 - 266*g**2. What is the hundreds digit of u(r)?
1
Let y be (6 - (-15)/(-5))*-1. Let a be 47/(18/(-16) - 7/(-7)). What is the hundreds digit of (8/y)/(1 - a/(-372))?
2
Suppose 0*c + 3870 = z - 3*c, 4*z + c = 15519. What is the hundreds digit of (z/(-27))/(2/(-12))?
8
Suppose 236 = 3*q - 2*n, 49 = 2*q - 3*n - 100. Suppose 4*h = -18 + q. What is the tens digit of (3/((-9)/8))/(h/(-696))?
1
Let r be (((-141)/(-5))/1)/(5/25). Suppose 0 = -3*a - 2*g + r, -a + 47 = 2*g + 2*g. Let q = a - 40. What is the units digit of q?
7
Suppose 5402 = 148*a - 146*a. Suppose -401 = 5*g - a. Let m = -232 + g. What is the hundreds digit of m?
2
Let c = 475 + -447. Suppose -c*z - 11352 + 43804 = 0. What is the units digit of z?
9
Suppose -4*s + 14*s = 200. Let m(b) = b**3 - 19*b**2 - 23*b + 56. Let o be m(s). What is the units digit of 2/o + (-5082)/(-28)?
1
Let f = -4311 + 9277. What is the hundreds digit of f?
9
Let f(c) = 738*c**2 - 75*c + 224. What is the hundreds digit of f(3)?
6
Let l(a) = -7*a**2 + a + 5. Let u be l(-4). Let r be 2234/8 + -21 + 1/(-4). Let o = u + r. What is the units digit of o?
7
Let x(z) = -5715*z + 4876. What is the units digit of x(-4)?
6
Suppose -3*c = 18 - 9. Let i be 6/(7/(14/c)). What is the tens digit of (-23)/(65/(-15) - i)?
6
Let r(y) = -7*y**2 - 3*y**3 + 6*y - 14 + 0*y**3 + 1 + 2*y**3. Let d be r(-8). Suppose -89 = d*z - 4*z. What is the tens digit of z?
8
What is the ten thousands digit of 1/2 + 9/(-10) - (-1219170)/50?
2
Let t(y) = -y**2 - 4*y - 5. Suppose 0 = -0*s + 5*s + 15. Let n be t(s). What is the tens digit of 142 - 30/(n - -8)?
3
Let n(s) = 24*s**2 - s + 21. Suppose 20*y = -y + 84. What is the units digit of n(y)?
1
Suppose -15 + 10 = -j. Let r be (5/2)/(((-5)/(-2))/j). Suppose -r*u - 2*d = -550, 4*u - 2*u - 3*d - 201 = 0. What is the tens digit of u?
0
Suppose -68*i + 10313 = -67*i. What is the tens digit of i?
1
Suppose -5*p + 15 = 0, -4*c + 10*p = 14*p - 392. What is the tens digit of c*(5 + -1 + -3)?
9
Suppose -13628 = -5*m - z, -8*m - 2*z + 10900 = -4*m. Let d = -1322 + m. What is the tens digit of d?
0
Let h be (15/10)/(6/20). Suppose 0 = o - 4*n - 3, 0*o = h*o - 3*n - 15. Suppose -3*z + 4*q + 124 = 0, -o*q - 192 = z - 6*z. What is the units digit of z?
6
Suppose -41*s + 42*s = 236. Let h be 1 - ((-448)/1)/(-4). Let k = h + s. What is the hundreds digit of k?
1
Let c be -36*((-65)/(-20))/(-13). Let a(u) = 5*u**2 - 5*u - 42. What is the units digit of a(c)?
8
Let u be (-105)/7 + -5 + -1 + 1. Let p be (u/(-12))/((-2)/(-6)) + -1. Suppose 216 = 2*v - i, p*v + 4*i - 344 = 76. What is the tens digit of v?
0
Let d be (-2)/(-6) + (-4494)/(-18). Let m = -20 + d. What is the hundreds digit of m?
2
Let a = 26 - -97. Let w = -42 + a. What is the tens digit of w?
8
Suppose 2*p = -z + 139, 4*p = -0*p - z + 283. What is the tens digit of 1038*-3*(-16)/p?
9
Suppose -3*u + 785 = d, -u - 4020 = -5*d + 3*u. Suppose -2*x + d = -4*w, 7*w + 25 = 2*w. What is the hundreds digit of x?
3
Suppose -22 = -4*l - 14. Suppose -440 = -3*g + 3*c + 31, 0 = -l*g - c + 326. What is the units digit of g?
1
Let w(g) = -1. Let p(y) = y - 1. Let c(u) = 12*p(u) - 3*w(u). Let l be (1*-3 + 1 + 8)/2. What is the units digit of c(l)?
7
Suppose 0 = -4*w + 5*w. Suppose 5*z + 5*t = t + 1042, w = -2*z + t + 409. What is the hundreds digit of z?
2
Let n = -210 - -223. Suppose -4*a - n*a = -14263. What is the tens digit of a?
3
Let c = 409 - 333. What is the hundreds digit of 26/(-247) + 12624/c?
1
What is the units digit of -1058*(-18)/12 - (3 - 3)?
7
Let y = 197 + 100. Suppose 5 = 5*h, -f = -5*h - y - 860. What is the thousands digit of f?
1
Let u = 620 - 591. Let h = u + 98. What is the hundreds digit of h?
1
Let l(p) be the second derivative of 7*p**4/12 + p**3/6 - 3*p**2/2 + 4*p. Let i be l(3). What is the units digit of 6/(-2) - (4 + -5)*i?
0
Let i(p) = -5*p - 11. Suppose 0 = -y - y - 72. Let q be 1/((-8)/130) - y/144. What is the units digit of i(q)?
9
What is the units digit of (-49781)/(10/(-4) + (-45)/(-30))?
1
Let t(m) = m - 1. Suppose -5*s - 3*s = -32. Suppose -6*l + 5*v + 5 = -l, -l + 21 = s*v. What is the units digit of t(l)?
4
Let q(p) = -p**3 - 19*p**2 - 98*p - 11. Suppose -147 = 25*w + 253. What is the hundreds digit of q(w)?
7
Let i be 1/2 + 0 - 112/(-32). Suppose s - i - 21 = 5*g, -3*g - 169 = -5*s. Suppose -5*p - q = -171, -2*p + q - s = -3*p. What is the tens digit of p?
3
Let g = 12906 - -4410. What is the thousands digit of g?
7
Suppose 0*i + 2*m = -i - 7, m + 17 = 4*i. Suppose i*a = -3*a - 42. Let p = a - -43. What is the units digit of p?
6
Let s(u) = -u**3 - 34*u**2 + 20*u + 31. What is the thousands digit of s(-36)?
1
Suppose 369581 + 642681 = 27*m - 281524. What is the units digit of m?
8
Let b = 269 + -252. What is the hundreds digit of -21 + b - (-661)/1?
6
Let w be ((-39)/21 - -3)/(12/42). Suppose 2*o + 40 = 4*b + 7*o, -4*b + 4 = -w*o. What is the units digit of b?
5
Let v = -1 - -1. Suppose -17*m + 11*m = -36. Suppose -i + 11 + m = v. What is the tens digit of i?
1
Let c = 6453 - 2434. What is the thousands digit of c?
4
Suppose 34985*i = 34986*i - 25967. What is the units digit of i?
7
What is the hundreds digit of 12/(-1 - 1)*((-3913)/26 + -11)?
9
Let m = 32230 - 17490. What is the tens digit of m?
4
Let f(v) be the second derivative of 61*v**5/120 - v**4/12 + v**3/6 - 19*v. Let x(q) be the second derivative of f(q). What is the hundreds digit of x(3)?
1
Let g be (5 - 3/1) + 179/(-1). Let h = -26 - g. Suppose -h = -c + 2*f, c + 6*f = 9*f + 150. What is the hundreds digit of c?
1
Let x(c) = -60 + 85 + 22*c**2 + c**3 + 17*c - 6*c - 31*c**2. What is the units digit of x(7)?
4
Suppose a = 4*l + 59044, -14*a + 11*a + l + 177143 = 0. What is the ten thousands digit of a?
5
Let h(o) = -4845*o - 8381. What is the hundreds digit of h(-10)?
0
Let j = 72017 + -40192. What is the tens digit of j?
2
Suppose 5*v + 242 = -5*i + 7, -4*i - 4 = 0. Let r = v - -51. Suppose 12*g = r*g + 721. What is the units digit of g?
3
Let d be (-546)/(-133) - 8/76. What is the thousands digit of 287320/160 - 3/d?
1
Let i = -13 - -32. Suppose 3*g = 26 + i. Let m = 81 - g. What is the units digit of m?
6
Let n(y) = y**3 + 4*y**2 - 6*y + 14. Let v be n(-6). Let a = 16 + v. What is the units digit of (1*250/a)/(2/(-6))?
5
Let f = -482 - -776. Let b = f - -189. What is the units digit of b?
3
Let k(n) = n + 10. Let w be k(-8). Suppose -6*z + 272 = -2*h - 2*z, -w*h - z - 272 = 0. Let o = -87 - h. What is the units digit of o?
9
Let c(x) = 9*x + 405 - 388 + 2*x**2 + 3*x**2 + 3*x**2. What is the tens digit of c(6)?
5
Suppose 128 = 5*q + 3*q. Suppose -q*g - 42 = -14*g. Let x = -7 - g. What is the tens digit of x?
1
Let i = 3070 - -823. What is the hundreds digit of i?
8
Suppose 4271132 = 143*a - 69*a. What is the units digit of a?
8
Suppose -7 = s - 5, 2*d - 15060 = 2*s. What is the tens digit of d?
2
Let x be (((-64)/(-6))/8)/(2/249). Suppose 0 = 2*f - a - 484, f - 76 - x = -4*a. What is the units digit of f?
2
Let o = -50033 - -90281. What is the hundreds digit of o?
2
Let z(l) = -13*l + 38. Suppose -x - 20 = k, -7*x = -4*x - 3*k + 36. Let j be z(x). Suppose -5*d + j = -2*d. What is the tens digit of d?
8
Let z(l) = -l**3 - l**2 - l + 1. Let p(d) = 4*d**3 - 7*d**2 + 14*d - 4. Let s(x) = p(x) + 6*z(x). Let f be s(-7). What is the tens digit of 78 + (0 - (4 + f))?
7
Let x = 4060 + 2515. What is the thousands digit of x?
6
Suppose 8*m - 45 = 35. Suppose 15*h = 13*h + m. Suppose -5*v + 455 = h*r, 5*r - 441 = 4*v - 2*v. What is the units digit of r?
9
Suppose 2*o - 96035 = 4*g - 29953, -8 = g. What is the tens digit of o?
2
Let b(s) = -315 + 34*s + 336 - 5*s - s**2. Suppose -125*f - 50 = -130*f. What is the tens digit of b(f)?
1
Let y = -3455 + 6359. Let u = -2012 + y. What is the hundreds digit of u?
8
Let y = -15093 + 35544. What is the units digit of y?
1
Suppose -31*n + 5764 = -20*n. Suppose 3*l - 39 = -l - 5*s, -2*s = 4*l - 54. What is the units digit of n/l - (-1)/4?
3
What is the ten thousands digit of (-1263120)/(-27) + (-6 - (-572)/99)?
4
Let q = -10827 - -15936. What is the hundreds digit of q?
1
Let s(y) = y**3 + 33*y**2 - 35*y + 